1) to base 16.
-18
0 (base 16) to base 10
0
Convert 3 (base 16) to base 7.
3
Convert 10011010 (base 2) to base 3.
12201
8 (base 14) to base 16
8
Convert 2 (base 14) to base 8.
2
Convert 3 (base 13) to base 16.
3
What is 101 (base 3) in base 13?
a
What is 313 (base 5) in base 8?
123
-33 (base 7) to base 11
-22
-247 (base 9) to base 7
-412
Convert 1011 (base 3) to base 10.
31
What is -14 (base 13) in base 5?
-32
What is 3 (base 6) in base 14?
3
Convert -1d (base 15) to base 16.
-1c
What is 306 (base 7) in base 14?
ad
What is 0 (base 6) in base 12?
0
-2 (base 3) to base 10
-2
Convert -213 (base 4) to base 8.
-47
Convert -29 (base 13) to base 12.
-2b
-6 (base 10) to base 7
-6
What is -1 (base 6) in base 11?
-1
Convert 7c (base 13) to base 3.
10211
-104 (base 9) to base 3
-10011
1024 (base 7) to base 9
441
Convert -1 (base 16) to base 12.
-1
Convert -20 (base 3) to base 12.
-6
What is 1a (base 13) in base 11?
21
-20 (base 3) to base 13
-6
-1 (base 8) to base 12
-1
What is -9 (base 13) in base 15?
-9
-15 (base 11) to base 14
-12
78 (base 10) to base 8
116
What is -2 (base 3) in base 16?
-2
What is -8 (base 11) in base 10?
-8
What is 111 (base 7) in base 3?
2010
What is 0 (base 14) in base 15?
0
Convert 61 (base 11) to base 2.
1000011
Convert -74 (base 12) to base 2.
-1011000
What is 1 (base 10) in base 2?
1
What is -4c (base 14) in base 10?
-68
What is -2 (base 10) in base 3?
-2
What is -22 (base 6) in base 3?
-112
Convert 19 (base 10) to base 13.
16
-15 (base 8) to base 9
-14
3 (base 5) to base 12
3
27 (base 16) to base 4
213
What is 1211 (base 6) in base 14?
171
What is -1b5 (base 12) in base 2?
-100011001
What is -4 (base 8) in base 16?
-4
Convert -202 (base 3) to base 14.
-16
-2 (base 6) to base 3
-2
Convert 7 (base 9) to base 5.
12
Convert -1 (base 7) to base 6.
-1
What is 12 (base 9) in base 4?
23
Convert -22 (base 4) to base 8.
-12
Convert 1 (base 14) to base 3.
1
What is 38 (base 13) in base 2?
101111
What is 33 (base 10) in base 8?
41
-67 (base 11) to base 3
-2201
-39 (base 15) to base 6
-130
-1a (base 16) to base 8
-32
Convert -14 (base 7) to base 15.
-b
Convert 2 (base 3) to base 10.
2
What is 110 (base 2) in base 9?
6
Convert 18 (base 16) to base 2.
11000
1 (base 2) to base 13
1
Convert 12 (base 15) to base 11.
16
Convert 1 (base 16) to base 13.
1
Convert 7 (base 12) to base 16.
7
-3 (base 15) to base 8
-3
Convert 15 (base 10) to base 4.
33
-3 (base 6) to base 7
-3
24 (base 10) to base 14
1a
What is 36 (base 10) in base 16?
24
-21 (base 4) to base 13
-9
Convert 2 (base 15) to base 2.
10
1 (base 15) to base 6
1
2 (base 8) to base 15
2
What is -2e (base 15) in base 2?
-101100
Convert 4 (base 12) to base 13.
4
Convert 1 (base 15) to base 8.
1
What is -245 (base 9) in base 5?
-1303
50 (base 16) to base 8
120
-13 (base 9) to base 12
-10
What is -1 (base 13) in base 16?
-1
Convert 112 (base 4) to base 5.
42
b (base 13) to base 11
10
Convert -9 (base 15) to base 7.
-12
-3 (base 8) to base 13
-3
What is 10 (base 9) in base 10?
9
4 (base 5) to base 10
4
-2 (base 10) to base 12
-2
Convert 4 (base 7) to base 13.
4
What is -72 (base 8) in base 5?
-213
-26 (base 10) to base 9
-28
53 (base 7) to base 16
26
20 (base 5) to base 10
10
7 (base 12) to base 2
111
16b (base 12) to base 15
102
4 (base 6) to base 15
4
Convert 2 (base 4) to base 6.
2
6 (base 9) to base 13
6
1 (base 8) to base 13
1
Convert -10100 (base 2) to base 5.
-40
Convert -1 (base 9) to base 14.
-1
5 (base 15) to base 2
101
Convert -101122 (base 3) to base 2.
-100011111
What is 11 (base 6) in base 16?
7
What is 3 (base 11) in base 3?
10
Convert -32 (base 8) to base 4.
-122
What is -1 (base 3) in base 16?
-1
Convert 4 (base 14) to base 11.
4
Convert -122 (base 6) to base 3.
-1212
-74 (base 10) to base 7
-134
1014 (base 6) to base 3
22101
What is -3 (base 10) in base 12?
-3
What is -133 (base 11) in base 2?
-10011101
-4 (base 5) to base 14
-4
-2 (base 10) to base 12
-2
Convert 122 (base 3) to base 10.
17
2 (base 14) to base 4
2
13 (base 11) to base 13
11
-4b (base 15) to base 11
-65
-15a (base 11) to base 5
-1221
What is -5 (base 15) in base 3?
-12
Convert a (base 11) to base 14.
a
Convert 2 (base 7) to base 8.
2
20 (base 3) to base 12
6
Convert 1 (base 9) to base 15.
1
6 (base 13) to base 11
6
Convert -16 (base 9) to base 16.
-f
Convert c (base 15) to base 12.
10
What is -54 (base 11) in base 14?
-43
-4 (base 9) to base 16
-4
What is -102 (base 5) in base 6?
-43
Convert -1110 (base 2) to base 16.
-e
Convert -2 (base 7) to base 14.
-2
-2 (base 4) to base 16
-2
-36 (base 8) to base 11
-28
What is 40 (base 14) in base 9?
62
What is -56 (base 8) in base 10?
-46
Convert 1 (base 15) to base 4.
1
-45 (base 14) to base 7
-115
54 (base 11) to base 14
43
-137 (base 9) to base 6
-311
Convert -2 (base 13) to base 8.
-2
Convert 4 (base 12) to base 15.
4
Convert 4 (base 15) to base 5.
4
Convert -2 (base 14) to base 3.
-2
Convert 23 (base 10) to base 2.
10111
Convert 3 (base 14) to base 9.
3
What is 12 (base 4) in base 7?
6
Convert 3 (base 10) to base 15.
3
Convert 6 (base 13) to base 11.
6
Convert 46 (base 7) to base 16.
22
22 (base 12) to base 15
1b
What is 2113 (base 4) in base 6?
411
1 (base 11) to base 15
1
-33 (base 14) to base 12
-39
What is 10 (base 6) in base 16?
6
7 (base 14) to base 13
7
Convert 1 (base 2) to base 6.
1
Convert 2203 (base 4) to base 11.
139
What is 13 (base 8) in base 12?
b
What is -26 (base 11) in base 16?
-1c
What is 119 (base 10) in base 7?
230
12 (base 7) to base 14
9
Convert 0 (base 11) to base 2.
0
Convert -9a (base 16) to base 12.
-10a
What is -3 (base 12) in base 16?
-3
What is 5 (base 8) in base 13?
5
What is -3a (base 14) in base 5?
-202
Convert 2 (base 4) to base 8.
2
3 (base 9) to base 13
3
3 (base 9) to base 16
3
What is -63 (base 13) in base 10?
-81
What is -17 (base 12) in base 8?
-23
What is 0 (base 2) in base 9?
0
17 (base 13) to base 2
10100
Convert 113 (base 4) to base 10.
23
Convert 71 (base 14) to base 12.
83
-58 (base 13) to base 7
-133
Convert 1010 (base 2) to base 15.
a
Convert 4 (base 10) to base 16.
4
What is 5 (base 9) in base 8?
5
What is 10 (base 15) in base 10?
15
What is -46 (base 15) in base 2?
-1000010
2301 (base 4) to base 15
bc
5 (base 11) to base 6
5
-14 (base 9) to base 14
-d
-6 (base 14) to base 15
-6
Convert -46 (base 14) to base 4.
-332
What is -159 (base 11) in base 16?
-b9
Convert -1 (base 2) to base 14.
-1
What is -131 (base 9) in base 15?
-74
3 (base 13) to base 9
3
What is 11032 (base 4) in base 7?
655
What is -71 (base 8) in base 5?
-212
What is -16 (base 15) in base 2?
-10101
What is 2d (base 16) in base 10?
45
What is aa (base 11) in base 5?
440
What is 1 (base 11) in base 10?
1
What is -1 (base 10) in base 15?
-1
Convert -16 (base 15) to base 10.
-21
Convert -104 (base 12) to base 16.
-94
What is -37 (base 10) in base 9?
-41
-101 (base 2) to base 16
-5
What is -3 (base 13) in base 11?
-3
Convert -20211 (base 3) to base 8.
-270
What is -24 (base 16) in base 2?
-100100
Convert -3 (base 16) to base 5.
-3
Convert 65 (base 11) to base 14.
51
What is 1234 (base 5) in base 4?
3002
What is -14 (base 9) in base 13?
-10
What is -1010 (base 2) in base 7?
-13
-14 (base 15) to base 8
-23
Convert 22 (base 12) to base 10.
26
-131 (base 11) to base 3
-12202
33 (base 10) to base 14
25
4d (base 15) to base 8
111
3 (base 12) to base 5
3
Convert 4 (base 6) to base 15.
4
Convert 0 (base 8) to base 11.
0
What is 6 (base 13) in base 7?
6
-2 (base 3) to base 10
-2
What is -e (base 15) in base 7?
-20
3e (base 15) to base 8
73
1044 (base 5) to base 12
105
Convert -12 (base 3) to base 11.
-5
-2 (base 10) to base 8
-2
-3 (base 12) to base 5
-3
What is -3 (base 12) in base 2?
-11
Convert -25 (base 8) to base 9.
-23
324 (base 5) to base 15
5e
What is -10 (base 2) in base 3?
-2
Convert 7 (base 10) to base 3.
21
-1010 (base 2) to base 6
-14
2 (base 3) to base 14
2
What is -10 (base 2) in base 9?
-2
2 (base 10) to base 16
2
0 (base 3) to base 7
0
What is -2 (base 8) in base 3?
-2
Convert 11 (base 16) to base 9.
18
-8 (base 9) to base 16
-8
-3 (base 6) to base 4
-3
Convert -24 (base 5) to base 7.
-20
Convert 88 (base 9) to base 12.
68
What is 80 (base 13) in base 4?
1220
Convert -4 (base 7) to base 2.
-100
What is 2 (base 9) in base 4?
2
What is -d (base 14) 